{"id":1876,"date":"2017-01-24T23:02:56","date_gmt":"2017-01-24T23:02:56","guid":{"rendered":"http:\/\/www.sanlorenzomaggiore.com\/?page_id=1876"},"modified":"2021-03-22T22:44:34","modified_gmt":"2021-03-22T22:44:34","slug":"progetto-pastorale-area-torino-ticinese-milano","status":"publish","type":"page","link":"https:\/\/www.sanlorenzomaggiore.com\/index.php\/progetto-pastorale-area-torino-ticinese-milano\/","title":{"rendered":"Progetto Pastorale Area Torino-Ticinese Milano"},"content":{"rendered":"<h3><em>Premessa<\/em><\/h3>\n<p>Il \u201cprogetto pastorale\u201d ha lo scopo di indirizzare la vita delle nostre comunit\u00e0 ad un \u201cprocesso\u201d di evangelizzazione.<br \/>\nLo facciamo perch\u00e9 amiamo i nostri compagni di viaggio come fratelli e ci sentiamo l\u2019un l\u2019altro responsabili della formazione ad una vita buona. \u00c8 un progetto segnato dal nostro sentirci \u201cinsieme\u201d perch\u00e9 siamo consapevoli che l\u2019evangelizzazione non \u00e8 un impegno del singolo ma di una comunit\u00e0 guidata dal Vescovo e perch\u00e9 avvertiamo il bisogno di essere solidali nella fede.<\/p>\n<p>Il cuore del processo di evangelizzazione \u00e8 quello di alimentare di speranza cristiana la vita quotidiana delle persone, facendo incontrare e conoscere Cristo Ges\u00f9, pienezza dell\u2019umano.<\/p>\n<p>Principi ispiratori del \u201cprogetto pastorale\u201d sono:<\/p>\n<ul>\n<li>Gli insegnamenti e le esortazioni di Papa Francesco che invitano ad una \u201cChiesa in uscita\u201d; a fare proprio il linguaggio e lo stile di misericordia di Ges\u00f9; a nutrire una spiritualit\u00e0 forte della \u201cgioia del Vangelo\u201d.<\/li>\n<li>Gli indirizzi pastorali del nostro Arcivescovo che chiedono di \u201ceducarsi al pensiero di Cristo\u201d; esortano a crescere come \u201ccomunit\u00e0 educante\u201d; promuovono la famiglia come \u201csoggetto di evangelizzazione\u201d.<\/li>\n<\/ul>\n<p>Sentiamo importante assumere i \u201cquattro principi relazionati a tensioni bipolari proprie di ogni realt\u00e0 sociale\u201d che Papa Francesco ci ha indicato nell\u2019Esortazione apostolica Evangelii Gaudium (n. 222-237):<\/p>\n<ol>\n<li>\u201cIl tempo \u00e8 superiore allo spazio\u201d (n. 222-225). Questo principio evidenzia che \u201cdare priorit\u00e0 al tempo significa occuparsi di iniziare processi pi\u00f9 che possedere spazi\u201d (n. 223). Nello specifico delle nostre Parrocchie si traduce nello stile di offrire delle proposte e nella consapevolezza che gli spazi non vanno semplicemente occupati bens\u00ec \u201cabitati\u201d.<\/li>\n<li>\u201cL\u2019unit\u00e0 prevale sul conflitto\u201d (n. 226-230). Che in una comunit\u00e0 ci siano diversi pensieri e differenti sensibilit\u00e0 \u00e8 sintomo della sua vivacit\u00e0. Ma c\u2019\u00e8 una unit\u00e0 nello Spirito che va riconosciuta e tenuta sempre in primo piano: siamo un\u2019unica Chiesa e viviamo un\u2019unica Eucaristia. Quando emergono le differenze, non si tratta mai di \u201cnegoziare\u201d ma di essere convinti che \u201cl\u2019unit\u00e0 dello Spirito armonizza tutte le diversit\u00e0\u201d.<\/li>\n<li>\u201cLa realt\u00e0 \u00e8 pi\u00f9 importante dell\u2019idea\u201d (n. 231-233). Secondo questo principio, ci sentiamo impegnati a conoscere e stare nella realt\u00e0, evitando idealismi e massimalismi e a riconoscere che \u00e8 nella realt\u00e0 quotidiana che si compie la missione evangelizzatrice. Pertanto siamo chiamati ad avviare percorsi per formare cristiani \u201caffidabili\u201d, capaci di operare il bene nella quotidianit\u00e0, con occhi aperti sulla realt\u00e0, in grado di riconoscere sempre il bene e di evidenziarlo.<\/li>\n<li>\u201cIl tutto \u00e8 superiore alla parte\u201d (n. 234-237). \u00c8 un tutto che \u00e8 di pi\u00f9 della semplice somma delle singole parti. Ci\u00f2 comporta che in ogni singola parte bisogna ci sia la consapevolezza del \u201ctutto\u201d e che nulla deve essere fatto \u201cin parallelo\u201d. Il \u201ctutto\u201d di cui si parla \u00e8 anzitutto il Vangelo come buona notizia che crea la gioia interiore di sentirsi amati da Dio Padre, sempre misericordioso.<\/li>\n<\/ol>\n<p><strong>Capitoli:<br \/>\nIl nostro quartiere nella citt\u00e0 | Con chi siamo? | Annunciare il Vangelo qui, oggi\u00a0| Riconoscere la ricchezza dello Spirito | Le scelte di un percorso | Conclusione<\/strong><\/p>\n<a href='http:\/\/www.sanlorenzomaggiore.com\/wp-content\/uploads\/2021\/03\/Progetto-Pastorale.pdf' target='_blank' class='btn'>SCARICA e LEGGI TUTTO IL DOCUMENTO<\/a>\n","protected":false},"excerpt":{"rendered":"<p>Premessa Il \u201cprogetto pastorale\u201d ha lo scopo di indirizzare la vita delle nostre comunit\u00e0 ad un \u201cprocesso\u201d di evangelizzazione. Lo facciamo perch\u00e9 amiamo i nostri compagni di viaggio come fratelli e ci sentiamo l\u2019un l\u2019altro responsabili della formazione ad una vita buona. \u00c8 un progetto segnato dal nostro sentirci \u201cinsieme\u201d perch\u00e9 siamo consapevoli che l\u2019evangelizzazione [&hellip;]<\/p>\n","protected":false},"author":3,"featured_media":1885,"parent":0,"menu_order":0,"comment_status":"closed","ping_status":"closed","template":"page.php","meta":[],"yoast_head":"<!-- This site is optimized with the Yoast SEO plugin v15.4 - https:\/\/yoast.com\/wordpress\/plugins\/seo\/ -->\n<title>Progetto Pastorale Area Torino-Ticinese Milano - Basilica San Lorenzo Maggiore<\/title>\n<meta name=\"robots\" content=\"index, follow, max-snippet:-1, max-image-preview:large, max-video-preview:-1\" \/>\n<link rel=\"canonical\" href=\"https:\/\/www.sanlorenzomaggiore.com\/index.php\/progetto-pastorale-area-torino-ticinese-milano\/\" \/>\n<meta property=\"og:locale\" content=\"it_IT\" \/>\n<meta property=\"og:type\" content=\"article\" \/>\n<meta property=\"og:title\" content=\"Progetto Pastorale Area Torino-Ticinese Milano - Basilica San Lorenzo Maggiore\" \/>\n<meta property=\"og:description\" content=\"Premessa Il \u201cprogetto pastorale\u201d ha lo scopo di indirizzare la vita delle nostre comunit\u00e0 ad un \u201cprocesso\u201d di evangelizzazione. Lo facciamo perch\u00e9 amiamo i nostri compagni di viaggio come fratelli e ci sentiamo l\u2019un l\u2019altro responsabili della formazione ad una vita buona. \u00c8 un progetto segnato dal nostro sentirci \u201cinsieme\u201d perch\u00e9 siamo consapevoli che l\u2019evangelizzazione [&hellip;]\" \/>\n<meta property=\"og:url\" content=\"https:\/\/www.sanlorenzomaggiore.com\/index.php\/progetto-pastorale-area-torino-ticinese-milano\/\" \/>\n<meta property=\"og:site_name\" content=\"Basilica San Lorenzo Maggiore\" \/>\n<meta property=\"article:modified_time\" content=\"2021-03-22T22:44:34+00:00\" \/>\n<meta property=\"og:image\" content=\"https:\/\/www.sanlorenzomaggiore.com\/wp-content\/uploads\/2017\/01\/progetto_pastorale_blocks.jpg\" \/>\n\t<meta property=\"og:image:width\" content=\"2048\" \/>\n\t<meta property=\"og:image:height\" content=\"270\" \/>\n<meta name=\"twitter:card\" content=\"summary\" \/>\n<meta name=\"twitter:label1\" content=\"Scritto da\">\n\t<meta name=\"twitter:data1\" content=\"Mattia Colombo\">\n\t<meta name=\"twitter:label2\" content=\"Tempo di lettura stimato\">\n\t<meta name=\"twitter:data2\" content=\"2 minuti\">\n<script type=\"application\/ld+json\" class=\"yoast-schema-graph\">{\"@context\":\"https:\/\/schema.org\",\"@graph\":[{\"@type\":\"WebSite\",\"@id\":\"http:\/\/www.sanlorenzomaggiore.com\/#website\",\"url\":\"http:\/\/www.sanlorenzomaggiore.com\/\",\"name\":\"Basilica San Lorenzo Maggiore\",\"description\":\"Educare \\u00e8 come seminare: il frutto non \\u00e8 garantito e non \\u00e8 immediato, ma se non si semina \\u00e8 certo che non ci sar\\u00e0 raccolto.\",\"potentialAction\":[{\"@type\":\"SearchAction\",\"target\":\"http:\/\/www.sanlorenzomaggiore.com\/?s={search_term_string}\",\"query-input\":\"required name=search_term_string\"}],\"inLanguage\":\"it-IT\"},{\"@type\":\"ImageObject\",\"@id\":\"https:\/\/www.sanlorenzomaggiore.com\/index.php\/progetto-pastorale-area-torino-ticinese-milano\/#primaryimage\",\"inLanguage\":\"it-IT\",\"url\":\"https:\/\/www.sanlorenzomaggiore.com\/wp-content\/uploads\/2017\/01\/progetto_pastorale_blocks.jpg\",\"width\":2048,\"height\":270},{\"@type\":\"WebPage\",\"@id\":\"https:\/\/www.sanlorenzomaggiore.com\/index.php\/progetto-pastorale-area-torino-ticinese-milano\/#webpage\",\"url\":\"https:\/\/www.sanlorenzomaggiore.com\/index.php\/progetto-pastorale-area-torino-ticinese-milano\/\",\"name\":\"Progetto Pastorale Area Torino-Ticinese Milano - Basilica San Lorenzo Maggiore\",\"isPartOf\":{\"@id\":\"http:\/\/www.sanlorenzomaggiore.com\/#website\"},\"primaryImageOfPage\":{\"@id\":\"https:\/\/www.sanlorenzomaggiore.com\/index.php\/progetto-pastorale-area-torino-ticinese-milano\/#primaryimage\"},\"datePublished\":\"2017-01-24T23:02:56+00:00\",\"dateModified\":\"2021-03-22T22:44:34+00:00\",\"inLanguage\":\"it-IT\",\"potentialAction\":[{\"@type\":\"ReadAction\",\"target\":[\"https:\/\/www.sanlorenzomaggiore.com\/index.php\/progetto-pastorale-area-torino-ticinese-milano\/\"]}]}]}<\/script>\n<!-- \/ Yoast SEO plugin. -->","_links":{"self":[{"href":"https:\/\/www.sanlorenzomaggiore.com\/index.php\/wp-json\/wp\/v2\/pages\/1876"}],"collection":[{"href":"https:\/\/www.sanlorenzomaggiore.com\/index.php\/wp-json\/wp\/v2\/pages"}],"about":[{"href":"https:\/\/www.sanlorenzomaggiore.com\/index.php\/wp-json\/wp\/v2\/types\/page"}],"author":[{"embeddable":true,"href":"https:\/\/www.sanlorenzomaggiore.com\/index.php\/wp-json\/wp\/v2\/users\/3"}],"replies":[{"embeddable":true,"href":"https:\/\/www.sanlorenzomaggiore.com\/index.php\/wp-json\/wp\/v2\/comments?post=1876"}],"version-history":[{"count":8,"href":"https:\/\/www.sanlorenzomaggiore.com\/index.php\/wp-json\/wp\/v2\/pages\/1876\/revisions"}],"predecessor-version":[{"id":2160,"href":"https:\/\/www.sanlorenzomaggiore.com\/index.php\/wp-json\/wp\/v2\/pages\/1876\/revisions\/2160"}],"wp:featuredmedia":[{"embeddable":true,"href":"https:\/\/www.sanlorenzomaggiore.com\/index.php\/wp-json\/wp\/v2\/media\/1885"}],"wp:attachment":[{"href":"https:\/\/www.sanlorenzomaggiore.com\/index.php\/wp-json\/wp\/v2\/media?parent=1876"}],"curies":[{"name":"wp","href":"https:\/\/api.w.org\/{rel}","templated":true}]}}

<h3><em>Premessa</em></h3>
<p>Il “progetto pastorale” ha lo scopo di indirizzare la vita delle nostre comunità ad un “processo” di evangelizzazione.<br />
Lo facciamo perché amiamo i nostri compagni di viaggio come fratelli e ci sentiamo l’un l’altro responsabili della formazione ad una vita buona. È un progetto segnato dal nostro sentirci “insieme” perché siamo consapevoli che l’evangelizzazione non è un impegno del singolo ma di una comunità guidata dal Vescovo e perché avvertiamo il bisogno di essere solidali nella fede.</p>
<p>Il cuore del processo di evangelizzazione è quello di alimentare di speranza cristiana la vita quotidiana delle persone, facendo incontrare e conoscere Cristo Gesù, pienezza dell’umano.</p>
<p>Principi ispiratori del “progetto pastorale” sono:</p>
<ul>
<li>Gli insegnamenti e le esortazioni di Papa Francesco che invitano ad una “Chiesa in uscita”; a fare proprio il linguaggio e lo stile di misericordia di Gesù; a nutrire una spiritualità forte della “gioia del Vangelo”.</li>
<li>Gli indirizzi pastorali del nostro Arcivescovo che chiedono di “educarsi al pensiero di Cristo”; esortano a crescere come “comunità educante”; promuovono la famiglia come “soggetto di evangelizzazione”.</li>
</ul>
<p>Sentiamo importante assumere i “quattro principi relazionati a tensioni bipolari proprie di ogni realtà sociale” che Papa Francesco ci ha indicato nell’Esortazione apostolica Evangelii Gaudium (n. 222-237):</p>
<ol>
<li>“Il tempo è superiore allo spazio” (n. 222-225). Questo principio evidenzia che “dare priorità al tempo significa occuparsi di iniziare processi più che possedere spazi” (n. 223). Nello specifico delle nostre Parrocchie si traduce nello stile di offrire delle proposte e nella consapevolezza che gli spazi non vanno semplicemente occupati bensì “abitati”.</li>
<li>“L’unità prevale sul conflitto” (n. 226-230). Che in una comunità ci siano diversi pensieri e differenti sensibilità è sintomo della sua vivacità. Ma c’è una unità nello Spirito che va riconosciuta e tenuta sempre in primo piano: siamo un’unica Chiesa e viviamo un’unica Eucaristia. Quando emergono le differenze, non si tratta mai di “negoziare” ma di essere convinti che “l’unità dello Spirito armonizza tutte le diversità”.</li>
<li>“La realtà è più importante dell’idea” (n. 231-233). Secondo questo principio, ci sentiamo impegnati a conoscere e stare nella realtà, evitando idealismi e massimalismi e a riconoscere che è nella realtà quotidiana che si compie la missione evangelizzatrice. Pertanto siamo chiamati ad avviare percorsi per formare cristiani “affidabili”, capaci di operare il bene nella quotidianità, con occhi aperti sulla realtà, in grado di riconoscere sempre il bene e di evidenziarlo.</li>
<li>“Il tutto è superiore alla parte” (n. 234-237). È un tutto che è di più della semplice somma delle singole parti. Ciò comporta che in ogni singola parte bisogna ci sia la consapevolezza del “tutto” e che nulla deve essere fatto “in parallelo”. Il “tutto” di cui si parla è anzitutto il Vangelo come buona notizia che crea la gioia interiore di sentirsi amati da Dio Padre, sempre misericordioso.</li>
</ol>
<p><strong>Capitoli:<br />
Il nostro quartiere nella città | Con chi siamo? | Annunciare il Vangelo qui, oggi | Riconoscere la ricchezza dello Spirito | Le scelte di un percorso | Conclusione</strong></p>
<a href='http://www.sanlorenzomaggiore.com/wp-content/uploads/2021/03/Progetto-Pastorale.pdf' target='_blank' class='btn'>SCARICA e LEGGI TUTTO IL DOCUMENTO</a>

<p>Premessa Il “progetto pastorale” ha lo scopo di indirizzare la vita delle nostre comunità ad un “processo” di evangelizzazione. Lo facciamo perché amiamo i nostri compagni di viaggio come fratelli e ci sentiamo l’un l’altro responsabili della formazione ad una vita buona. È un progetto segnato dal nostro sentirci “insieme” perché siamo consapevoli che l’evangelizzazione [&hellip;]</p>

<!-- This site is optimized with the Yoast SEO plugin v15.4 - https://yoast.com/wordpress/plugins/seo/ -->
<title>Progetto Pastorale Area Torino-Ticinese Milano - Basilica San Lorenzo Maggiore</title>
<meta name="robots" content="index, follow, max-snippet:-1, max-image-preview:large, max-video-preview:-1" />
<link rel="canonical" href="https://www.sanlorenzomaggiore.com/index.php/progetto-pastorale-area-torino-ticinese-milano/" />
<meta property="og:locale" content="it_IT" />
<meta property="og:type" content="article" />
<meta property="og:title" content="Progetto Pastorale Area Torino-Ticinese Milano - Basilica San Lorenzo Maggiore" />
<meta property="og:description" content="Premessa Il “progetto pastorale” ha lo scopo di indirizzare la vita delle nostre comunità ad un “processo” di evangelizzazione. Lo facciamo perché amiamo i nostri compagni di viaggio come fratelli e ci sentiamo l’un l’altro responsabili della formazione ad una vita buona. È un progetto segnato dal nostro sentirci “insieme” perché siamo consapevoli che l’evangelizzazione [&hellip;]" />
<meta property="og:url" content="https://www.sanlorenzomaggiore.com/index.php/progetto-pastorale-area-torino-ticinese-milano/" />
<meta property="og:site_name" content="Basilica San Lorenzo Maggiore" />
<meta property="article:modified_time" content="2021-03-22T22:44:34+00:00" />
<meta property="og:image" content="https://www.sanlorenzomaggiore.com/wp-content/uploads/2017/01/progetto_pastorale_blocks.jpg" />
	<meta property="og:image:width" content="2048" />
	<meta property="og:image:height" content="270" />
<meta name="twitter:card" content="summary" />
<meta name="twitter:label1" content="Scritto da">
	<meta name="twitter:data1" content="Mattia Colombo">
	<meta name="twitter:label2" content="Tempo di lettura stimato">
	<meta name="twitter:data2" content="2 minuti">
<script type="application/ld+json" class="yoast-schema-graph">{"@context":"https://schema.org","@graph":[{"@type":"WebSite","@id":"http://www.sanlorenzomaggiore.com/#website","url":"http://www.sanlorenzomaggiore.com/","name":"Basilica San Lorenzo Maggiore","description":"Educare \u00e8 come seminare: il frutto non \u00e8 garantito e non \u00e8 immediato, ma se non si semina \u00e8 certo che non ci sar\u00e0 raccolto.","potentialAction":[{"@type":"SearchAction","target":"http://www.sanlorenzomaggiore.com/?s={search_term_string}","query-input":"required name=search_term_string"}],"inLanguage":"it-IT"},{"@type":"ImageObject","@id":"https://www.sanlorenzomaggiore.com/index.php/progetto-pastorale-area-torino-ticinese-milano/#primaryimage","inLanguage":"it-IT","url":"https://www.sanlorenzomaggiore.com/wp-content/uploads/2017/01/progetto_pastorale_blocks.jpg","width":2048,"height":270},{"@type":"WebPage","@id":"https://www.sanlorenzomaggiore.com/index.php/progetto-pastorale-area-torino-ticinese-milano/#webpage","url":"https://www.sanlorenzomaggiore.com/index.php/progetto-pastorale-area-torino-ticinese-milano/","name":"Progetto Pastorale Area Torino-Ticinese Milano - Basilica San Lorenzo Maggiore","isPartOf":{"@id":"http://www.sanlorenzomaggiore.com/#website"},"primaryImageOfPage":{"@id":"https://www.sanlorenzomaggiore.com/index.php/progetto-pastorale-area-torino-ticinese-milano/#primaryimage"},"datePublished":"2017-01-24T23:02:56+00:00","dateModified":"2021-03-22T22:44:34+00:00","inLanguage":"it-IT","potentialAction":[{"@type":"ReadAction","target":["https://www.sanlorenzomaggiore.com/index.php/progetto-pastorale-area-torino-ticinese-milano/"]}]}]}</script>
<!-- / Yoast SEO plugin. -->
